- 160. Let v(n) = 48*n**2 + 2*n + 1. Suppose -h = -5*f + 21, 4*h + 8 = f - 0. What is the remainder when v(h) is divided by i?
11
Suppose -4*g - 2*b + 3*b + 31 = 0, 0 = -3*g - b + 25. Let t = 15 - g. Calculate the remainder when 25 is divided by t.
4
Let q(y) = y**3 + 11*y**2 + 10*y. Let c be q(-10). Suppose 2*s = -c*s + 8. Suppose -f = -65 - s. Calculate the remainder when f is divided by 24.
21
Suppose 4*s - 4*l = 3*s + 132, 237 = 2*s + l. What is the remainder when (s/9)/(1/(-3)*-2) is divided by 13?
7
Suppose 2*k - 6*k + 72 = 0. Calculate the remainder when (30/(-4))/((-18)/840*5) is divided by k.
16
Suppose 0 = t - 489 + 235. Calculate the remainder when t is divided by 16.
14
Let k be -12*6/(24/(-43)). Let d = k - -13. What is the remainder when d is divided by 36?
34
Suppose 11*k + 0*k = 154. Let m = 42 - -7. Calculate the remainder when m is divided by k.
7
Let w = -14 - -61. Suppose -2*r + 5*p = -r - w, -3 = r + 5*p. What is the remainder when 41 is divided by r?
19
Let x(b) = 7*b + 304. Calculate the remainder when 490 is divided by x(-26).
2
Let m(j) = -j. Let a be m(-2). Let p be (-8)/(-8)*986/a. Suppose 5*o + 164 = 2*k + p, 0 = 5*o - 5*k - 320. What is the remainder when o is divided by 23?
21
Let i = -682 + 801. Calculate the remainder when i is divided by 59.
1
Let b be (0/(-3))/2 - -102. Let m = b + -7. What is the remainder when m is divided by 14?
11
Suppose 5*t - 72 = -g + 58, 5*g - 650 = 2*t. Calculate the remainder when g is divided by 41.
7
Let g(z) = 9*z - 40. Let n be g(5). Suppose 165 = n*s - 175. Calculate the remainder when s is divided by 23.
22
Let s = -5 - -8. Suppose 0 = -3*l - 5*g + 30 + 11, -27 = -2*l - s*g. Suppose 42 = q - l. Calculate the remainder when q is divided by 14.
12
Suppose 34*f - 32*f = -i + 63, 0 = -5*i - 3*f + 308. Calculate the remainder when i is divided by 24.
13
Let r = 2900 + -2868. Let f(w) = -w - 2. What is the remainder when r is divided by f(-6)?
0
Suppose w = -3*x + 27, 4*x = 4*w - x - 23. What is the remainder when 44 is divided by w?
8
Suppose -1602*v + 1605*v = 45. Calculate the remainder when 27 is divided by v.
12
Let r = 1 - 10. Let u = r - -10. What is the remainder when u - 0 - (-64)/4 is divided by 6?
5
Suppose -4*v = -12, -3*l - 48 + 198 = -v. Suppose 0 = -q - 0 + 5, -2*r = -q - 193. What is the remainder when r is divided by l?
48
Let r = -34 - -62. Let q = -136 - -190. Calculate the remainder when q is divided by r.
26
Let a(z) = z**3 - 3*z**2 - z + 29. What is the remainder when a(5) is divided by 25?
24
Suppose -12 = -2*t - t. Let g = 17 - 60. Let k = 54 + g. What is the remainder when k is divided by t?
3
Let y(p) = p**2 + 2*p - 6. Let d be y(4). Suppose -d + 2 = -2*w. What is the remainder when 14 is divided by w?
6
Suppose -d + 1 = -0*d. Calculate the remainder when 0 + (-7 - -4) + 24 is divided by 1 - d*(-10)/1.
10
Let f(c) = 3*c**2 + 43*c + 7. Calculate the remainder when f(7) is divided by 66.
59
Let d = -125 - -122. Calculate the remainder when 104 is divided by d/(-7) + (-1875)/(-35).
50
Suppose 4*s + 2*r - 1594 = 0, 0 = 2*s + 3*s - 5*r - 1955. What is the remainder when s is divided by 19?
16
Let o = 47 + -50. Calculate the remainder when 78 is divided by o/(-9) + 240/9.
24
Suppose -n + 5*n - 44 = 0. Calculate the remainder when 172 is divided by n.
7
Suppose x + 2*l = 28 - 3, -5*x = 3*l - 118. Suppose -2*m + 215 = 3*m. What is the remainder when m is divided by (x/2)/((-1)/(-2))?
20
Let w(m) = 2*m**2 - 16*m - 13. Let k be w(9). Suppose -97 = k*r - 167. Calculate the remainder when 194 is divided by r.
12
Let h(k) = 4*k - 6. Let s be h(-2). Let f = s - -39. What is the remainder when 96 is divided by f?
21
Let z = -8 + 15. Suppose 2*u = z + 5. Calculate the remainder when 2/(-6)*16*-3 is divided by u.
4
Let m(d) = -d**3 - 16*d**2 - d - 15. Let c be m(-8). Calculate the remainder when c/(-21) + (-2)/(-7) is divided by 9.
7
What is the remainder when 40 is divided by (-18)/90 + 81/5?
8
Let k be (-1 - 0)/((-2)/4). Calculate the remainder when 9 + k + 1 + -4 is divided by 6.
2
Suppose 292*h - 285*h - 266 = 0. Calculate the remainder when h is divided by 7.
3
Let v(q) = 11*q**3 + q**2 - q - 1. Let o be v(1). Suppose 22 = o*s - 8*s. Let f = 66 + -36. Calculate the remainder when f is divided by s.
8
Let n be ((-3)/9)/(2/(-246)). Let h = 84 - n. What is the remainder when 171 is divided by h?
42
Suppose -4*s + 256 = 2*k, 3*s + k - 260 = -s. Suppose -3*q = -0 - s. Calculate the remainder when q is divided by 8.
6
Let l = 157 + -147. Suppose -5*i - 205 = -5*x, x - 148 = -3*x - 4*i. Calculate the remainder when x is divided by l.
9
Let t = 1231 + -1142. Calculate the remainder when t is divided by 18.
17
What is the remainder when (58 - 66)*(-23)/2 is divided by 16?
12
Let j = 224 + -193. What is the remainder when 166 is divided by j?
11
Suppose x + 11 = 5*j + 2*x, 0 = -4*j - 2*x + 10. Suppose 0 = 2*d + v - 109, j*v = -3*d - 0 + 161. Calculate the remainder when d is divided by 12.
9
Let h(m) = m + 10. Let g be h(-6). Let k(u) = 7*u + 3. Let t(s) = -2*s - 1. Let x(o) = 6*k(o) + 17*t(o). What is the remainder when x(g) is divided by 9?
6
Let o = 534 + -491. What is the remainder when 255 is divided by o?
40
Let u = 206 - 134. Calculate the remainder when u is divided by 19.
15
Suppose -n + 2*c + 45 = 5, 4*c + 32 = n. Suppose 4*a - 25 = -2*m + 7, -62 = -5*a + 3*m. What is the remainder when n is divided by a?
8
Let s = -25 - -30. Suppose f + 62 = 3*f - v, -53 = -f - s*v. Calculate the remainder when f is divided by 17.
16
Calculate the remainder when (-2544)/(-19) - 1/((-19)/2) is divided by 46.
42
Suppose -105 = -3*z + 2*h, -7*h + 21 = z - 3*h. What is the remainder when z is divided by 13?
7
Let w = -5 + 7. Suppose w*q - 16 = -2*q, -3*q + 22 = 5*j. Suppose 2*a + 23 = c, -j*a - 1 = 3. Calculate the remainder when 56 is divided by c.
18
Suppose g - 2*m + 4 = 3*m, 20 = 4*m. Let o(u) = -u**3 + 4*u**2 - 2*u - 3. Let f be o(3). Calculate the remainder when g is divided by (-38)/(-2) + -3 - f - 4.
9
Let x(k) = 17*k - 247. Calculate the remainder when x(29) is divided by 25.
21
Let a(t) = 54*t**2 - 2. Let h be a(1). Calculate the remainder when 4/10*(-5)/(-1) + h is divided by (-2)/(-3)*57/2.
16
Suppose 3*w - 45 = -4*h, -h - 24 = -4*h + w. Suppose 0 = 4*x + 3*t, -2*x + 6*x = -5*t. Suppose 4*i - 5*i + 34 = x. What is the remainder when i is divided by h?
7
Let i = -515 - -633. Calculate the remainder when i is divided by 40.
38
Let k = -1002 + 1025. Calculate the remainder when 171 is divided by k.
10
Let l = -84 + 155. What is the remainder when l is divided by 73/3 - 162/(-243)?
21
Suppose 38*b - 2028 = -1078. What is the remainder when 2/(-9) + 443/9 is divided by b?
24
Let m = -11 + 1. Let x(i) = -2*i + 16. Let k be x(0). Let t = m + k. What is the remainder when 10 is divided by t?
4
Suppose i - 13 = -0. Let m = 9 - i. What is the remainder when (18/m)/(1/(-6)) is divided by 10?
7
Let k = 183 + -166. What is the remainder when 118 is divided by k?
16
What is the remainder when 50/(-225) - (2 + 1541/(-9)) is divided by 53?
10
Let g = -18 - -20. Suppose -x = -5*l + 25, l - 4*l - 2*x + g = 0. Calculate the remainder when 10 is divided by l.
2
Suppose -95 = -5*r - 5*h, 3*r = r - 3*h + 33. Calculate the remainder when r is divided by 6.
0
Suppose 0 = 8*h - 1 - 47. What is the remainder when 57 is divided by h?
3
Let l be (-5)/2*40/(-25). Suppose -a - l*a = -100. What is the remainder when a is divided by (-28)/(-16) - (-6)/(-8) - -5?
2
Let l be (-2030)/(-63) - (-2)/(-9). Let a = l - 14. Calculate the remainder when 69 is divided by a.
15
Let v(b) = 2*b**2 + b + 6. Let k be v(-3). What is the remainder when ((-5)/(70/k))/((-3)/20) is divided by 10?
0
Suppose n - 17 = -4*s, 8 = 3*s - 2*n - 13. Suppose -s*u + 8*u = 30. What is the remainder when u is divided by 7?
3
Let g = -977 + 996. What is the remainder when 66 is divided by g?
9
Let t be 20 - 8*(-3)/(-24). Let o = 0 + 5. Suppose -4*l = o*x - 6*l - 11, 3*x + 5*l - t = 0. Calculate the remainder when 7 is divided by x.
1
Let b(u) = 69*u + 47. Calculate the remainder when b(3) is divided by 32.
30
Let d be (-1)/3 + 51/(-9). Let j(q) = 2*q - 15. Let i(n) = n - 14. Let y(s) = 4*i(s) - 3*j(s). Calculate the remainder when 2 is di